93 a factor of 699?
False
Is 1627 a multiple of 3?
False
Is 61 a factor of 1037?
True
Is 2 a factor of 87?
False
Is 3 a factor of 325?
False
Is 1272 a multiple of 14?
False
Is 29 a factor of 629?
False
Is 36 a factor of 7488?
True
Is 231 a multiple of 7?
True
Is 1086 a multiple of 52?
False
Is 20 a factor of 3835?
False
Is 20 a factor of 2855?
False
Is 283 a multiple of 18?
False
Is 5159 a multiple of 11?
True
Is 10790 a multiple of 130?
True
Does 20 divide 749?
False
Is 1701 a multiple of 63?
True
Is 7665 a multiple of 234?
False
Does 19 divide 919?
False
Does 29 divide 6728?
True
Is 8166 a multiple of 10?
False
Does 32 divide 7405?
False
Is 483 a multiple of 11?
False
Is 15 a factor of 4455?
True
Does 62 divide 2134?
False
Is 63 a factor of 3780?
True
Does 51 divide 18564?
True
Is 153 a factor of 39933?
True
Does 24 divide 7710?
False
Is 7 a factor of 14?
True
Is 16 a factor of 90358?
False
Is 26461 a multiple of 16?
False
Is 25 a factor of 18605?
False
Is 2392 a multiple of 8?
True
Is 18 a factor of 594?
True
Does 128 divide 3114?
False
Is 40 a factor of 1560?
True
Is 908 a multiple of 4?
True
Is 14 a factor of 12362?
True
Is 4 a factor of 4376?
True
Is 5 a factor of 1060?
True
Does 15 divide 285?
True
Is 6 a factor of 1374?
True
Is 1680 a multiple of 80?
True
Is 5 a factor of 67?
False
Is 11472 a multiple of 24?
True
Is 8 a factor of 56?
True
Is 3 a factor of 234?
True
Is 268 a factor of 33232?
True
Is 6281 a multiple of 11?
True
Does 118 divide 8145?
False
Is 2937 a multiple of 20?
False
Does 63 divide 894?
False
Is 1474 a multiple of 9?
False
Does 23 divide 3456?
False
Does 5 divide 11105?
True
Is 1014 a multiple of 13?
True
Is 11 a factor of 1529?
True
Does 20 divide 1077?
False
Does 26 divide 707?
False
Is 180 a multiple of 15?
True
Does 19 divide 1810?
False
Does 50 divide 11450?
True
Is 34 a factor of 106?
False
Is 12 a factor of 71342?
False
Is 42 a factor of 739?
False
Is 12 a multiple of 8?
False
Is 63 a factor of 52707?
False
Does 18 divide 558?
True
Is 3984 a multiple of 83?
True
Does 10 divide 20412?
False
Is 26 a factor of 74534?
False
Is 36135 a multiple of 365?
True
Is 3492 a multiple of 9?
True
Does 7 divide 26?
False
Is 6 a factor of 3492?
True
Is 70 a factor of 70?
True
Is 12 a factor of 984?
True
Is 229 a factor of 71843?
False
Is 11 a factor of 407?
True
Is 16932 a multiple of 76?
False
Does 38 divide 494?
True
Does 9 divide 654?
False
Is 885 a multiple of 59?
True
Is 8 a factor of 5628?
False
Is 19 a factor of 3211?
True
Is 144 a factor of 8496?
True
Is 59 a factor of 18762?
True
Does 54 divide 29462?
False
Is 34 a factor of 2992?
True
Is 65 a factor of 16694?
False
Is 14 a factor of 48547?
False
Is 1733 a multiple of 12?
False
Is 69311 a multiple of 183?
False
Is 75712 a multiple of 14?
True
Does 5 divide 40?
True
Does 14 divide 5876?
False
Does 37 divide 1110?
True
Is 26 a factor of 1378?
True
Is 9 a factor of 198?
True
Is 14742 a multiple of 26?
True
Is 17 a factor of 546?
False
Is 58 a factor of 32132?
True
Is 3 a factor of 8025?
True
Is 65 a factor of 1170?
True
Does 306 divide 40939?
False
Is 506 a multiple of 46?
True
Does 125 divide 10328?
False
Is 18971 a multiple of 23?
False
Is 3 a factor of 17619?
True
Is 38 a factor of 23408?
True
Does 11 divide 102?
False
Is 15433 a multiple of 11?
True
Does 63 divide 189?
True
Does 27 divide 729?
True
Does 146 divide 18792?
False
Does 27 divide 160?
False
Is 6849 a multiple of 16?
False
Is 2635 a multiple of 31?
True
Does 124 divide 600?
False
Is 73470 a multiple of 30?
True
Is 878 a multiple of 10?
False
Is 278 a factor of 11676?
True
Does 145 divide 9087?
False
Is 68847 a multiple of 144?
False
Is 6055 a multiple of 19?
False
Is 64 a factor of 1177?
False
Is 54 a factor of 413?
False
Is 6301 a multiple of 158?
False
Does 52 divide 475?
False
Does 95 divide 6540?
False
Is 13 a factor of 9082?
False
Is 14 a factor of 2506?
True
Does 70 divide 42350?
True
Is 29 a factor of 986?
True
Is 41052 a multiple of 24?
False
Is 222 a multiple of 8?
False
Is 39 a factor of 10506?
False
Is 1501 a multiple of 64?
False
Does 11 divide 542?
False
Is 348 a multiple of 20?
False
Does 7 divide 212?
False
Is 8 a factor of 402?
False
Is 12766 a multiple of 26?
True
Does 16 divide 1583?
False
Is 108 a multiple of 12?
True
Is 34322 a multiple of 131?
True
Is 13 a factor of 962?
True
Is 47447 a multiple of 17?
True
Does 18 divide 1769?
False
Is 798 a multiple of 46?
False
Does 23 divide 556?
False
Does 61 divide 1932?
False
Is 58 a factor of 28710?
True
Does 32 divide 943?
False
Does 73 divide 24382?
True
Is 27 a factor of 49437?
True
Does 28 divide 895?
False
Is 17 a factor of 867?
True
Is 12 a factor of 1056?
True
Is 36942 a multiple of 262?
True
Is 70086 a multiple of 25?
False
Is 45 a factor of 5295?
False
Is 3 a factor of 228?
True
Is 2624 a multiple of 64?
True
Is 83340 a multiple of 12?
True
Is 190 a factor of 2850?
True
Is 939 a multiple of 31?
False
Does 257 divide 55947?
False
Is 373 a multiple of 6?
False
Is 1912 a multiple of 36?
False
Is 6783 a multiple of 21?
True
Is 13 a factor of 125786?
False
Is 26417 a multiple of 19?
False
Is 5334 a multiple of 14?
True
Does 27 divide 702?
True
Is 3840 a multiple of 60?
True
Is 14 a factor of 76755?
False
Is 2884 a multiple of 14?
True
Is 8595 a multiple of 113?
False
Is 251 a factor of 29116?
True
Does 30 divide 3960?
True
Is 12884 a multiple of 185?
False
Is 2805 a multiple of 55?
True
Is 366 a multiple of 9?
False
Does 147 divide 6321?
True
Is 26 a factor of 650?
True
Is 18720 a multiple of 96?
True
Is 51319 a multiple of 37?
True
Is 153 a factor of 1377?
True
Is 2136 a multiple of 28?
False
Does 2 divide 220?
True
Does 4 divide 290?
False
Is 16 a factor of 551?
False
Is 22 a factor of 655?
False
Is 78 a factor of 2106?
True
Is 208 a factor of 76342?
False
Is 12028 a multiple of 62?
True
Does 25 divide 84050?
True
Is 10452 a multiple of 156?
True
Is 70 a factor of 27860?
True
Does 45 divide 6120?
True
Is 13067 a multiple of 122?
False
Does 57 divide 954?
False
Does 45 divide 9135?
True
Does 12 divide 68140?
False
Does 173 divide 11576?
False
Does 11 divide 22063?
False
Is 7805 a multiple of 35?
True
Does 15 divide 51150?
True
Is 30262 a multiple of 12?
False
Does 17 divide 2914?
False
Does 20 divide 228?
False
Is 8 a factor of 346?
False
Is 1938 a multiple of 50?
False
Does 96 divide 2555?
False
Does 34 divide 11968?
True
Is 8050 a multiple of 50?
True
Does 31 divide 1976?
False
Is 66 a factor of 1723?
False
Is 682 a multiple of 32?
False
Is 65 a factor of 1885?
True
Does 11 divide 46519?
True
Is 12 a factor of 8116?
False
Does 15 divide 279?
False
Is 3108 a multiple of 14?
True
Is 277 a multiple of 4?
False
Is 376 a multiple of 4?
True
Is 7664 a multiple of 41?
False
Is 6 a factor of 99?
False
Is 180 a factor of 19440?
True
Does 52 divide 1605?
False
Is 783 a multiple of 16?
False
Does 5 divide 1697?
False
Is 37 a factor of 4662?
True
Is 208 a multiple of 16?
True
Is 63 a multiple of 9?
True
Is 238 a multiple of 7?
True
Does 3 divide 2364?
True
Does 16 divide 586?
False
Is 1353 a multiple of 11?
True
Is 17 a factor of 1679?
False
Is 95 a factor of 38324?
False
Is 12 a factor of 255?
False
Does 44 divide 3080?
True
Is 3106 a multiple of 29?
False
Is 880 a multiple of 44?
True
Is 204 a multiple of 31?
False
Does 11 divide 75?
False
Is 525 a multiple of 25?
True
Does 11 divide 726?
True
Is 68 a factor of 20128?
True
Is 9027 a multiple of 124?
False
Is 45 a factor of 85?
False
Does 7 divide 1435?
True
Is 30518 a multiple of 3?
False
Is 36 a factor of 136?
False
Is 5554 a multiple of 21?
False
Is 178 a factor of 64970?
True
Is 29 a factor of 15944?
False
Is 8 a factor of 360?
True
Is 37557 a multiple of 351?
True
Is 19 a factor of 3340?
False
Is 11 a factor of 5665?
True
Does 13 divide 1668?
False
Is 7331 a multiple of 3?
False
Is 324 a factor of 61236?
True
Is 28 a factor of 7619?
False
Does 8 divide 946?
False
Does 21 divide 12348?
True
Is 15 a factor of 2850?
True
Is 36 a multiple of 9?
True
Is 28 a factor of 1702?
False
Does 24 divide 896?
False
Is 3705 a multiple of 5?
True
Is 4 a factor of 57032?
True
Does 25 divide 3150?
True
Is 7206 a multiple of 13?
False
Is 4 a factor of 597?
False
Is 824 a multiple of 54?
False
Is 2 a factor of